is the greatest common divisor of 345892 and 1118?
86
Calculate the greatest common factor of 37530990 and 2214.
738
What is the greatest common divisor of 3447215 and 470?
235
Calculate the highest common divisor of 173391918 and 252.
42
Calculate the greatest common divisor of 67704 and 528164.
364
What is the greatest common factor of 1611447279 and 169?
169
What is the highest common divisor of 4036570 and 1545?
515
What is the greatest common factor of 186847272 and 11720?
2344
Calculate the greatest common factor of 557 and 37023233.
557
Calculate the highest common factor of 31584 and 27544632.
1128
Calculate the greatest common divisor of 102 and 1236026463.
51
What is the highest common divisor of 97295 and 15860?
305
What is the highest common divisor of 14755116 and 12986?
302
Calculate the greatest common divisor of 34623198 and 509.
509
What is the highest common divisor of 39266520 and 127002?
2082
Calculate the greatest common factor of 512151506 and 177.
59
Calculate the greatest common divisor of 1467712 and 12141.
1349
What is the greatest common divisor of 1033199 and 8866?
31
Calculate the greatest common factor of 2336 and 134430376.
584
What is the highest common divisor of 64575 and 1637622?
2583
Calculate the greatest common factor of 2880 and 22902795.
45
What is the highest common divisor of 45864 and 6391944?
936
Calculate the greatest common divisor of 136 and 87632756.
68
What is the greatest common divisor of 10540238 and 1411?
17
Calculate the highest common divisor of 472920 and 1536.
24
What is the highest common factor of 40379504 and 80?
16
What is the highest common factor of 448 and 47458208?
224
Calculate the greatest common divisor of 54990 and 12166830.
1170
Calculate the greatest common divisor of 1581723 and 16731.
1287
What is the highest common factor of 5 and 5089160?
5
What is the highest common factor of 9 and 742090131?
9
What is the highest common divisor of 252146892 and 12?
12
What is the greatest common factor of 19 and 1007813770?
19
What is the highest common factor of 1056252 and 2403?
267
What is the greatest common factor of 31609 and 7081?
73
Calculate the greatest common factor of 222768 and 567630.
2142
Calculate the highest common divisor of 9331404 and 624.
12
Calculate the highest common divisor of 50 and 1510140.
10
Calculate the greatest common factor of 73363452 and 12.
12
What is the highest common divisor of 100 and 7400452?
4
What is the highest common factor of 37632 and 159642?
294
Calculate the highest common divisor of 34219641 and 3.
3
What is the greatest common factor of 1096705706 and 508?
254
What is the greatest common divisor of 174538 and 673946?
1274
What is the highest common factor of 2395336 and 36?
4
What is the highest common divisor of 23531055 and 3660?
915
What is the highest common divisor of 2136890 and 6706595?
3115
What is the highest common factor of 5948 and 251026418?
2974
Calculate the greatest common divisor of 181092 and 3828.
12
What is the greatest common factor of 1102916 and 108?
4
What is the greatest common divisor of 140 and 37915780?
140
Calculate the highest common factor of 1336 and 12016.
8
Calculate the highest common factor of 535 and 51326509.
107
Calculate the highest common divisor of 112350784 and 191.
191
Calculate the highest common divisor of 48984093 and 7263.
2421
What is the greatest common factor of 427438 and 27808?
22
Calculate the greatest common divisor of 3565 and 2662480.
115
Calculate the greatest common factor of 1230154 and 1496.
34
Calculate the highest common factor of 3945126 and 2931.
2931
What is the greatest common divisor of 947023 and 298067?
3773
What is the greatest common factor of 46490 and 1750?
10
Calculate the highest common divisor of 5443 and 2687.
1
Calculate the highest common divisor of 464652 and 63.
9
Calculate the greatest common factor of 99452620 and 2504.
1252
What is the greatest common factor of 1260955 and 13120?
205
What is the highest common divisor of 1668006 and 2737?
391
Calculate the highest common divisor of 224 and 93295488.
32
Calculate the greatest common factor of 1095052 and 14308.
196
What is the highest common divisor of 34033 and 998?
1
What is the highest common divisor of 107879155 and 655?
655
Calculate the greatest common divisor of 28297005 and 1623.
1623
Calculate the greatest common divisor of 54650 and 30641162.
2186
Calculate the highest common factor of 25 and 13500975.
25
Calculate the greatest common divisor of 14511612 and 216.
12
What is the highest common factor of 108162032 and 1232?
176
What is the greatest common factor of 614019 and 17346?
147
What is the greatest common factor of 570614 and 186406?
814
Calculate the greatest common factor of 11895 and 13952591.
61
Calculate the highest common factor of 1473 and 341893611.
1473
What is the greatest common factor of 7130 and 2377142?
1426
Calculate the greatest common divisor of 1492 and 22017817.
373
Calculate the highest common factor of 262064 and 141504.
176
Calculate the highest common factor of 16791 and 999.
3
Calculate the greatest common factor of 798690 and 4108.
158
Calculate the highest common divisor of 67982 and 646.
38
Calculate the highest common divisor of 15056 and 113369798.
1882
Calculate the highest common divisor of 196 and 17612.
28
Calculate the highest common factor of 1236397890 and 582.
582
What is the highest common factor of 24484394 and 220?
22
Calculate the greatest common factor of 21518536 and 832.
104
Calculate the greatest common factor of 9090 and 4389460.
1010
Calculate the greatest common divisor of 18796818 and 54.
6
Calculate the greatest common divisor of 716062800 and 200.
200
What is the highest common divisor of 1869 and 2699081?
7
What is the greatest common factor of 373125914 and 304?
38
What is the greatest common factor of 14120 and 29840?
40
What is the highest common factor of 856439 and 3809?
293
What is the greatest common divisor of 78 and 25851202?
26
What is the greatest common factor of 1614031 and 551?
19
Calculate the greatest common factor of 68272 and 4184.
8
Calculate the greatest common divisor of 569978 and 2.
2
What is the highest common factor of 2155252 and 13651?
803
What is the greatest common factor of 9167630 and 434?
62
Calculate the highest common factor of 1171 and 7917131.
1171
Calculate the highest common factor of 118896 and 278172054.
14862
What is the greatest common divisor of 21113014 and 663?
221
Calculate the highest common factor of 21240 and 1716751320.
7080
Calculate the greatest common factor of 23285986 and 361344.
1882
Calculate the greatest common factor of 572315 and 7105.
145
What is the greatest common factor of 2674 and 165412303?
1337
Calculate the greatest common divisor of 157732 and 9964.
188
What is the highest common divisor of 246594042 and 8212?
4106
What is the highest common divisor of 379897712 and 8?
8
Calculate the greatest common factor of 2542172 and 16.
4
Calculate the highest common divisor of 208 and 323557.
13
Calculate the highest common divisor of 117125775 and 1950.
975
What is the greatest common factor of 35 and 804244280?
35
What is the greatest common divisor of 152031 and 108942?
813
What is the highest common factor of 47329697 and 111?
37
Calculate the highest common divisor of 30772654 and 1056.
22
What is the highest common divisor of 248 and 2398129?
31
What is the highest common divisor of 51115890 and 3059?
3059
Calculate the highest common factor of 13 and 21028501.
13
Calculate the highest common factor of 4390060 and 120.
20
What is the highest common divisor of 227808 and 11214?
126
What is the greatest common factor of 22 and 330068695?
11
What is the greatest common factor of 2447 and 210571691?
2447
Calculate the highest common divisor of 917772 and 16.
4
What is the highest common divisor of 288 and 2921976?
72
What is the greatest common factor of 3 and 386858121?
3
What is the greatest common factor of 3928704 and 8?
8
What is the greatest common factor of 41315 and 2560?
5
Calculate the greatest common factor of 3086201 and 428.
107
What is the greatest common factor of 8811 and 4717?
89
Calculate the highest common factor of 5426 and 15074.
2
What is the highe